{"id":59,"date":"2024-11-26T13:10:52","date_gmt":"2024-11-26T13:10:52","guid":{"rendered":"https:\/\/nbmondzorg.nl\/?page_id=59"},"modified":"2025-12-05T20:14:48","modified_gmt":"2025-12-05T20:14:48","slug":"over-mij","status":"publish","type":"page","link":"https:\/\/nbmondzorg.nl\/index.php\/home\/over-mij\/","title":{"rendered":"Over mij"},"content":{"rendered":"\n\n\t<img loading=\"lazy\" decoding=\"async\" src=\"https:\/\/nbmondzorg.nl\/wp-content\/uploads\/2025\/12\/20251102-4-240x300.png\" alt=\"\" width=\"317\" height=\"397\" \/>Mijn uitdaging als mondhygi\u00ebnist is om pati\u00ebnten te motiveren en goed samen te werken. Met meer dan 35 jaar werkervaring zie ik telkens weer mogelijkheden en uitdagingen om het beroep als mondhygi\u00ebnist interessant te houden.<br \/>\nAlleen zo bereiken \u00e9n behouden we een goed resultaat. Door het opbouwen van een goede relatie ontstaat er vertrouwen en deze wisselwerking draagt bij aan een goede samenwerking.<br \/>\nEen persoonlijke, professionele aanpak vind ik dan ook heel belangrijk. Ik probeer zo te werken dat u zich op uw gemak gaat voelen.\n<p>Met veel enthousiasme en plezier help ik u om een gezonde mond te krijgen en te behouden.<\/p>\n<p>&nbsp;<\/p>\n<h2>\n\t\t\tWerkervaring\t<\/h2>\n\tSinds het behalen van mijn diploma als mondhygi\u00ebnist aan de Stichting Opleiding Mondhygi\u00ebnisten te Utrecht in 1988, heb ik in diverse algemene praktijken als mondhygi\u00ebnist gewerkt. Vanaf 1988 tot 2015 heb ik op verschillende gebieden ervaring opgedaan in de<br \/>\nalgemene tandheelkunde, orthodontie en parodontologie.\n<p>Aangezien parodontologie mij enorm aanspreekt, heb ik in 2018, naast mijn werk als mondhygi\u00ebnist, de post-hbo-opleiding Parodontologie afgerond aan de ACTA in Amsterdam. Hiermee heb ik mijn theoretische en vooral ook praktische kennis op het gebied van de parodontologie vergroot.<\/p>\n<p>Vanaf 2015 tot heden ben ik werkzaam als zzp&#8217;er en actief in diverse praktijken als mondhygi\u00ebnist. Om op de hoogte te blijven van de nieuwste ontwikkelingen in de mondzorg volg ik cursussen en nascholing.<\/p>\n<p>Sinds 1 september 2025 werk ik naast mijn huidige werkzaamheden ook \u00e9\u00e9n dag in de week in het Meander Medisch Centrum. En wel op de afdeling Mondziekten, Kaak- en Aangezichtschirurgie als Mondhygienist, MRA assistent. Hier ondersteun ik de specialisten bij de behandeling van slaapapneu met een MRA (Mandibulair Repositie Apparaat) beugel.<\/p>\n<p>Tevens maak ik deel uit van een intercollegiale overleggroep(ICO). Dit is een groep collega&#8217;s waarmee we maandelijks actuele onderwerpen bespreken in ons vakgebied.<\/p>\n\n\n\t<p>&nbsp;<\/p>\n<p>&nbsp;<\/p>\n<p>&nbsp;<\/p>\n<p>&nbsp;<\/p>\n<strong>Vrijwilligerswerk<\/strong><br \/>\nMijn creativiteit en zorg voor het welzijn van de medemens speelt een grote rol binnen mijn werk als mondhygi\u00ebnist.<br \/>\nDat was ook de reden dat ik in 2014 met de Stichting DDC als vrijwilliger heb gewerkt in<br \/>\nKenia en in 2024 met de stichting Medora in Nepal.\n<p>&nbsp;<\/p>\n\t\t\t\t<img decoding=\"async\" src=\"https:\/\/nbmondzorg.nl\/wp-content\/uploads\/2025\/02\/Nepalese-jochies-met-tandenborstel-scaled-e1738700593935.jpg\" alt=\"Nepalese jochies met tandenborstel\" itemprop=\"image\" height=\"1600\" width=\"1920\" title=\"Nepalese jochies met tandenborstel\" onerror=\"this.style.display='none'\" loading=\"lazy\" \/>\n\t\t\t\t<img decoding=\"async\" src=\"https:\/\/nbmondzorg.nl\/wp-content\/uploads\/2025\/02\/Nepalees-kind-in-de-behandelstoel-e1738700745767.jpg\" alt=\"Nepalees kind in de behandelstoel\" itemprop=\"image\" height=\"756\" width=\"907\" title=\"Nepalees kind in de behandelstoel\" onerror=\"this.style.display='none'\" loading=\"lazy\" \/>\n\t\t\t\t<img decoding=\"async\" src=\"https:\/\/nbmondzorg.nl\/wp-content\/uploads\/2025\/02\/Kenia-2-e1738700949789.jpg\" alt=\"Kenia 2\" itemprop=\"image\" height=\"917\" width=\"1100\" title=\"Kenia 2\" onerror=\"this.style.display='none'\" loading=\"lazy\" \/>\n\t\t\t\t<img decoding=\"async\" src=\"https:\/\/nbmondzorg.nl\/wp-content\/uploads\/2025\/02\/Nepalese-klas-met-tandenborstel-e1738701075966.jpg\" alt=\"Nepalese klas met tandenborstel\" itemprop=\"image\" height=\"1136\" width=\"1362\" title=\"Nepalese klas met tandenborstel\" onerror=\"this.style.display='none'\" loading=\"lazy\" \/>\n\t<p>Verder ben ik:<\/p>\n<ul>\n<li>Geregistreerd in het Kwaliteitsregister voor mondhygi\u00ebnisten (KRM);<\/li>\n<li>Lid van de Nederlandse Vereniging voor Mondhygi\u00ebnisten (NVM);<\/li>\n<li>Lid van de Nederlandse Vereniging voor Parodontologie (NVvP).<\/li>\n<\/ul>\n\n","protected":false},"excerpt":{"rendered":"<p>Mijn uitdaging als mondhygi\u00ebnist is om pati\u00ebnten te motiveren en goed samen te werken. Met meer dan 35 jaar werkervaring zie ik telkens weer mogelijkheden en uitdagingen om het beroep als mondhygi\u00ebnist interessant te houden. Alleen zo bereiken \u00e9n behouden we een goed resultaat. Door het opbouwen van een goede relatie ontstaat er vertrouwen en&#8230;<\/p>\n","protected":false},"author":1,"featured_media":0,"parent":92,"menu_order":0,"comment_status":"closed","ping_status":"closed","template":"","meta":{"_kad_post_transparent":"default","_kad_post_title":"above","_kad_post_layout":"default","_kad_post_sidebar_id":"","_kad_post_content_style":"default","_kad_post_vertical_padding":"default","_kad_post_feature":"","_kad_post_feature_position":"","_kad_post_header":false,"_kad_post_footer":false,"_kad_post_classname":"","footnotes":""},"class_list":["post-59","page","type-page","status-publish","hentry"],"_links":{"self":[{"href":"https:\/\/nbmondzorg.nl\/index.php\/wp-json\/wp\/v2\/pages\/59","targetHints":{"allow":["GET"]}}],"collection":[{"href":"https:\/\/nbmondzorg.nl\/index.php\/wp-json\/wp\/v2\/pages"}],"about":[{"href":"https:\/\/nbmondzorg.nl\/index.php\/wp-json\/wp\/v2\/types\/page"}],"author":[{"embeddable":true,"href":"https:\/\/nbmondzorg.nl\/index.php\/wp-json\/wp\/v2\/users\/1"}],"replies":[{"embeddable":true,"href":"https:\/\/nbmondzorg.nl\/index.php\/wp-json\/wp\/v2\/comments?post=59"}],"version-history":[{"count":11,"href":"https:\/\/nbmondzorg.nl\/index.php\/wp-json\/wp\/v2\/pages\/59\/revisions"}],"predecessor-version":[{"id":342,"href":"https:\/\/nbmondzorg.nl\/index.php\/wp-json\/wp\/v2\/pages\/59\/revisions\/342"}],"up":[{"embeddable":true,"href":"https:\/\/nbmondzorg.nl\/index.php\/wp-json\/wp\/v2\/pages\/92"}],"wp:attachment":[{"href":"https:\/\/nbmondzorg.nl\/index.php\/wp-json\/wp\/v2\/media?parent=59"}],"curies":[{"name":"wp","href":"https:\/\/api.w.org\/{rel}","templated":true}]}}